246. What are the prime factors of s?
2, 5
Let d(k) = k**3 + 5*k**2 - 7*k + 2. Let a be d(-6). Let h be 95/20 - 1/(16/12). Suppose 4*y = 3*x - x + 20, -4*x + a = h*y. What are the prime factors of y?
2
Let a(d) = 22*d**2 - d - 30. List the prime factors of a(-4).
2, 163
Suppose -j - 4 + 12 = 0. Let g(c) = -c**3 + 7*c**2 + 7*c + 10. Let z be g(j). Suppose 35 + 1 = 2*f + z*p, -f = -3*p - 38. List the prime factors of f.
23
Let q(y) = 114*y**2 - 5*y + 21. What are the prime factors of q(3)?
2, 3, 43
Suppose -m - 3*c + 286 + 250 = 0, -5*c = -m + 568. What are the prime factors of m?
2, 137
Let l = 875 - 476. List the prime factors of l.
3, 7, 19
Let j be 1/(2*(-3)/(-138)). Suppose -r - 88 = -3*w + 51, -5*r = -w + j. List the prime factors of w.
2, 3
Let a be (-2)/(-19) + 73848/228. Suppose -a = -4*w - 2*w. What are the prime factors of w?
2, 3
Suppose -15851 = -11*i + 28644. List the prime factors of i.
5, 809
Let l = -13 + 15. Suppose l*u - 6*u + 12 = 0. List the prime factors of (-3)/u - (3 + -20).
2
List the prime factors of (-64)/(-80)*13980/8.
2, 3, 233
Suppose 8*p = -5*p + 494. What are the prime factors of p?
2, 19
Suppose 0 = -2*r + r. Suppose r*i - 24 = -i. Suppose -54 - i = -6*m. What are the prime factors of m?
13
Let x be 9/2*22/33. Let k be (-5 - -2)/(-3)*0. Suppose -x*y + k*y + 87 = 0. List the prime factors of y.
29
Let m(d) = 18*d**2 - 36*d - 10. List the prime factors of m(-14).
2, 2011
List the prime factors of (46 + -1)*784/35.
2, 3, 7
Let l(m) = 15*m**3 - 6*m**2 + 7 + 5 - 16*m**3 + 9*m. Let j be l(-8). Suppose 7*w - 9*w = -j. List the prime factors of w.
2, 17
Let k be (-8 + 63)*4/(-5). Let y = k - -116. Let h = y + -35. List the prime factors of h.
37
Let g(z) = 41*z**2 + 12*z - 21. List the prime factors of g(-6).
3, 461
Let h(j) = -2*j**3 - 8*j**2 - 8*j - 6. Let s be h(-3). Suppose s = 9*v - 2*v - 1694. List the prime factors of v.
2, 11
Suppose 33 = -2*b - 23. Let g = -99 - -49. Let w = b - g. List the prime factors of w.
2, 11
Let s = 279 - 62. What are the prime factors of s?
7, 31
Let u = 1005 - 633. List the prime factors of u.
2, 3, 31
Suppose 7*l - 83 = -20. Suppose 0 = -g + 4*g - l. List the prime factors of 79/g - 4/12.
2, 13
Suppose 3*g - g - 2656 = 0. List the prime factors of g.
2, 83
Let y = 34 + -39. Let g(f) = -f**3 - 3*f**2 - 4*f + 6. List the prime factors of g(y).
2, 19
Let z = -80 + 54. Let k be (1 - 2/4)*z. Let c = 18 + k. List the prime factors of c.
5
Suppose -5*h + 31 = -p + 2*p, 2*h = -5*p + 86. Let a = -6 - p. What are the prime factors of (-99)/a*8/3?
2, 3
Suppose -j + 11 + 15 = 3*v, -3*j - 12 = 0. Let h(a) = 2*a**2 - 8*a + 9. List the prime factors of h(v).
3, 43
Let o = 353 + -116. List the prime factors of o.
3, 79
Let t(h) = -4*h**2 - 13*h - 4. Let w be t(7). Let b = -195 - w. List the prime factors of b.
2, 3
Suppose -17*g + g = -6672. Suppose -5*f = 3*o - 629, -2*f = -2*o - 3*f + g. List the prime factors of o.
2, 13
Let r(z) = 23*z**3 - 7*z**2 - 1. Let i be r(4). What are the prime factors of i/12 + 5/(-20)?
113
Let m be ((-4)/3)/(8/(-84)*-7). List the prime factors of (2 - (3 - m))*(-41 + 0).
3, 41
Suppose 9*j = 8*j + 39. List the prime factors of (-1 - -3 - j/1)/(-1).
37
Suppose 0*y + y - 4 = 0, 88 = b + 4*y. List the prime factors of b.
2, 3
Let p(b) = -b**2 - 14*b - 22. Let r be p(-12). Suppose -r*y + 8 = -y. List the prime factors of y.
2
Let x(g) = -5*g**2 + 102*g + 2. What are the prime factors of x(20)?
2, 3, 7
Suppose 7*t - 10630 + 3455 = 0. What are the prime factors of t?
5, 41
Suppose 0 = 8*g - 2723 - 4485. What are the prime factors of g?
17, 53
Let v = -1059 + 3264. List the prime factors of v.
3, 5, 7
List the prime factors of (-6 + 798/(-24))*-28.
7, 157
Let k(p) be the second derivative of p**4/4 - p**3/3 + 7*p**2/2 - p. Let o(n) = 3*n - 3. Let b be o(2). List the prime factors of k(b).
2, 7
Suppose 8 - 148 = -5*w. Suppose 11*p - 6*p - 25 = 0. Suppose w + 207 = p*o. What are the prime factors of o?
47
Let l = 120 + -52. Let q = 15 + -11. Suppose -q*i = -0*z + 2*z - l, 0 = 3*z - 5*i - 113. What are the prime factors of z?
2, 3
Let x = -1086 + 2315. List the prime factors of x.
1229
Let l(i) = 15*i**2 - 31*i + 80. What are the prime factors of l(9)?
2, 127
Let y = -8 + 11. Let m = 1 + y. Suppose 4*n + m*h + 4 = 36, 0 = -h - 2. What are the prime factors of n?
2, 5
Suppose -w - w - 1390 = -3*m, 5*w = -2*m + 933. What are the prime factors of m?
2, 29
Suppose -f = p - 8, 4*p - 8 = -3*f + 5*p. Suppose 0 = -3*t - f*r + 577, 0*r = t - 4*r - 187. What are the prime factors of t?
191
Suppose 18053 = 16*i + 5221. List the prime factors of i.
2, 401
Let v = 71 - 67. Suppose -149 = -l - v*s - 49, 5*l = -2*s + 464. What are the prime factors of l?
2, 23
List the prime factors of (-12)/22 + (-15384)/(-11).
2, 3, 233
Suppose 4*v - 3*i = -2*i + 132, -2*v - i = -66. Let r = v + 7. What are the prime factors of r?
2, 5
Suppose 0*q = -4*q - 48. Suppose 0 = -3*k + 3*x + x + 14, -4*x + 22 = 3*k. List the prime factors of (-1 - q)*(k - 3).
3, 11
Let o be (-126)/27 + 2/(-6). Let d be (0/(o - 0))/(-1). Suppose 0*w + 28 = w + 5*h, d = -w + 3*h + 68. What are the prime factors of w?
53
Suppose -5*q - 10 = -7*q. Suppose 5*n + 4*x + 20 = -0*x, 4*n - q*x = 25. Suppose 2*h + 2*t - 30 = 0, n = 3*h + 4*t + t - 51. List the prime factors of h.
2, 3
Suppose -152*z = -157*z + 25. Suppose -335 + 60 = -z*p. List the prime factors of p.
5, 11
Let o be 17/(-15) - 4/(-30). List the prime factors of -5*o*348/15.
2, 29
Suppose 401 = -10*j + 1081. Let a be ((-156)/16)/(2/8). Let q = j + a. What are the prime factors of q?
29
What are the prime factors of 6 - -170 - (-1 + 2)?
5, 7
What are the prime factors of ((-593)/5)/((-12)/60)?
593
Let v(l) = -7 + 2 - 13*l + 2. Let p be v(-7). List the prime factors of (-1 + 4)/(6/p).
2, 11
Let d = -181 - 96. Let b = 550 + d. List the prime factors of b.
3, 7, 13
Let h = 21 - -89. Let z = h + -38. What are the prime factors of z?
2, 3
Suppose 0 = 21*h + 9500 - 27329. Let d = h + -602. What are the prime factors of d?
13, 19
Let j = -182 - -802. Let d be j/45 + (-2)/(-9). List the prime factors of ((-8)/(-28))/(2/d).
2
Suppose 0 = c + 131 - 634. Suppose -2*o = -f - c - 57, -o + 280 = -4*f. List the prime factors of (-2)/(4*(-4)/o).
5, 7
Let q(v) = 3*v**2 - 12*v + 13. Let h(x) = -6*x**2 + 23*x - 25. Let t(g) = -4*h(g) - 7*q(g). Suppose 5*a + 8 = -2, 3*s - 16 = -a. List the prime factors of t(s).
3, 23
Let g(f) be the third derivative of 5*f**4/24 + f**3/6 - f**2. Let c be g(3). List the prime factors of 72/c + (-1)/2.
2
Let g(u) = -u**2 - u + 4730. List the prime factors of g(0).
2, 5, 11, 43
Suppose -2*r + 3*f - 2*f - 289 = 0, -4*r - 575 = -5*f. Let d = r + 207. What are the prime factors of d?
2, 31
Let u(j) = 5*j**2 + 5*j + 4. Let n be u(-2). Suppose -n*l - 1572 = -4078. What are the prime factors of l?
179
Let l be (-3 - 0/(-2)) + 19. Suppose 0*k = 4*k - l. Suppose 0 = 3*v - k*v - 3*a + 7, -11 = -v - 2*a. List the prime factors of v.
19
Suppose 10 + 24 = z. Let v = z - 21. List the prime factors of (v/3)/((-1)/(-3)).
13
Let f(x) = 2 - 5 - 4*x - 5*x. Let c(v) = 4*v + 10. Let t be c(-3). What are the prime factors of f(t)?
3, 5
Let f(j) = 68*j + 56. What are the prime factors of f(4)?
2, 41
Let n(g) = g**3 - 11*g**2 - 13*g + 17. Let d be n(12). Suppose -24 = -d*w + 61. What are the prime factors of w?
17
Let q = -41 - -42. Suppose -2*i + 3 + 1 = 0, -4*o + 3*i = -10. List the prime factors of (-46)/o*(-3 - q).
2, 23
Let l(p) = -p**3 + 6*p + 4. Let q be l(-4). Let a be 2/(-11) + 2648/q. Suppose 3*m + m = a. What are the prime factors of m?
3, 5
Suppose -6156*k = -6157*k + 2883. What are the prime factors of k?
3, 31
List the prime factors of (-3060)/(-6) + 3/(3/4).
2, 257
Let h(m) = -m**2 + 9*m - 22. Let l be h(5). Let r(c) = -3*c**3 - 3*c**2 - 6*c - 5. List the prime factors of r(l).
19
Let q(g) = -11 - 16 + 13 - 5*g. What are the prime factors of q(-8)?
2, 13
Suppose -5*q - 22 = -4*q - 5*k, -3*q + 14 = k. Suppose -q*b = -7*b. Let x = b + 25. List the prime factors of x.
5
Let l(f) = 32*f**2 - 15*f - 7. What are the prime factors of l(8)?
17, 113
Let r(w) be the second derivative of -w**3/2 - w**2 + 8*w. Let u be r(-2). Suppose -3*y + 122 + 16 = -u*i, 0 = 3*y - i - 147. What a